 -8*g + 9*g + 31 = o, 193 = 6*o + g. What is the highest common factor of o and x?
2
Let j be ((-9581)/(-21))/13 - 6/63. Let b be ((-8)/(-10))/(3/j)*9. What is the greatest common divisor of 126 and b?
42
Suppose 165 = 2*j + 3*z, -5*j - 9*z + 12*z = -402. Let u = -602 - -1655. Calculate the greatest common divisor of j and u.
81
Suppose 107*s - 167*s = -1260. Calculate the highest common factor of 413 and s.
7
Suppose 5*t + 4*g - 701 + 629 = 0, 4*g - 56 = -4*t. Calculate the highest common divisor of 3728 and t.
16
Let y be (1 + 0)*6*(-15)/(-6). Let u be y/(-30) + 38/(-4)*-3. What is the highest common factor of 10 and u?
2
Suppose 7*g + 24064 = 23*g. Calculate the greatest common factor of g and 64.
32
Let x = 6722 - 5570. Calculate the highest common divisor of 108 and x.
36
Suppose 0 = 13*h - 17*h + 10*s + 350, 420 = 4*h + 4*s. What is the greatest common divisor of h and 740?
20
Let o(l) = 32*l + 1601. Let m be o(-49). Let x(i) = -i**2 + i + 132. Let n be x(0). What is the greatest common factor of m and n?
33
Suppose -137*o = -134*o - 4*u - 15, -4*u = -12. Calculate the greatest common divisor of 3087 and o.
9
Suppose 667*y + 247 = 686*y. Suppose -2*m = 4*a - 434, 657 = 3*m + 5*a - 2*a. Calculate the greatest common factor of y and m.
13
Suppose -2*o - 706 = -3*p, 3*o - 4*o - 353 = -4*p. Let k = -350 - o. What is the greatest common factor of k and 3?
3
Suppose 22*i = 4557 - 1037. Calculate the greatest common factor of 240 and i.
80
Let k be 27/(-18) + 2/((-4)/(-467)). Calculate the highest common divisor of 13688 and k.
232
Suppose -7*m = -10*m + 234. Suppose 0 = -3*f - 113 + 434. Let y = f - 55. What is the highest common divisor of y and m?
26
Let y = -121 + 124. Suppose -892 = -y*n + 242. What is the greatest common divisor of n and 42?
42
Suppose 104*v = 100*v + 252. Suppose -35*x + v*x - 30660 = 0. What is the greatest common divisor of x and 15?
15
Let b(j) = -j**2 + 138*j + 498. Let g be b(0). What is the greatest common divisor of g and 13197?
249
Let g(w) = -w**2 + 6*w - 1. Let l be g(4). Let i = -248 + 431. Suppose 0 = -9*b - i + 750. Calculate the greatest common divisor of l and b.
7
Let m be (102/9)/(14 + 263780/(-18843)). Calculate the greatest common divisor of m and 17.
17
Let i = -9178 - -9190. What is the highest common factor of i and 2994?
6
Suppose -5*p - 23 = 37. Let y be (1 + 3)*(-3)/p + 39. Suppose 109 + 191 = 5*g. What is the greatest common divisor of y and g?
20
Let v be (2/3)/((-6)/(-36)). Suppose -3*p - v + 16 = 0. Suppose 0*w + p*w - 768 = 0. Calculate the highest common factor of 24 and w.
24
Let q be 0 + 4401 + -1 + 8 + 3 + -10. What is the highest common factor of q and 326?
163
Let h = 82 + -63. Suppose 4*t + 380 = 2*t. Let w = t + 323. What is the greatest common factor of w and h?
19
Suppose 346*o - 668 = 342*o - 220. Calculate the greatest common divisor of 28 and o.
28
Suppose -24*q + 19*q = 5*b - 585, -2*q - 246 = -2*b. Calculate the greatest common divisor of 6760 and b.
40
Let m = -2016 + 2512. What is the highest common divisor of m and 62?
62
Let v = -186 - 8. Let m = -153 - v. Calculate the greatest common factor of 82 and m.
41
Let h = 164 - 148. Let j be 9/4 + (108/h)/9. What is the greatest common factor of j and 9?
3
Suppose 39 = 2*t + 11. Let o be (t/(-4) - -2)*(-30 + 4). Suppose -42*i + 126 = -o*i. What is the greatest common divisor of 462 and i?
42
Let q be (114/19 - 25) + 73. What is the greatest common factor of q and 38286?
54
Let l be (3 - -839) + (-48 - -49). What is the greatest common factor of 6 and l?
3
Suppose -38701 = -13*r + 55492 + 4932. What is the greatest common factor of 250 and r?
125
Let y be -3 + (-101)/(-4) - 3/12. Let z be 590/y + 2 + (-20)/11. Suppose -14*g + z = -5*g. What is the highest common divisor of 27 and g?
3
Suppose -2*h = 3*z + 3, 9*z - 5*z - 4 = -4*h. What is the highest common factor of 180 and h?
6
Let q(j) = -j**3 - 13*j**2 - 13*j - 9. Let i be q(-12). Suppose -177*b + 5787 + 43996 - 2524 = 0. Calculate the greatest common factor of b and i.
3
Let n(h) = -12*h - 1304. Let w be n(-110). Suppose -5*p + 0*p = -880. Calculate the highest common divisor of p and w.
16
Let o be ((-30)/25)/((-6)/(-15)). Let m be (o - (-16)/2) + 2. Let s = 15 + m. Calculate the greatest common divisor of s and 33.
11
Suppose 903 = -136*f + 32 + 12703. Let p = -1350 - -2307. Calculate the highest common divisor of p and f.
87
Let u = 1003 + -919. What is the greatest common divisor of 324 and u?
12
Let s(r) = -r**3 - 44*r**2 + 36*r - 136. Let t be s(-45). What is the highest common divisor of 1 and t?
1
Let p = -23 - -989. Suppose f = 3*r + 3*f - p, -2*r = -5*f - 663. Suppose 9*q - r = 6*q. What is the highest common divisor of 36 and q?
36
Let h be 10*19/2660 + 4199/14. Calculate the highest common factor of h and 36.
12
Let n be (66/18 + 4)/((-4)/(-12)). Let d = n + 406. Calculate the highest common factor of 33 and d.
33
Let n be ((-2)/((-12)/18) - -6) + 332. Let o(s) = -s**3 - 5*s**2 + s - 8. Let f be o(-6). What is the highest common divisor of f and n?
11
Let p be (-1 + (-15)/(-21))/((-14)/294). Let o be 14*(14 - p - 3). What is the highest common factor of 175 and o?
35
Let j be (-1 - (-12)/(-4)) + 16. Let r be (234/10)/((-264)/(-1760)). What is the greatest common factor of r and j?
12
Let j(d) = -16*d - 92. Suppose -2*u = -3*t - 24, -2*u - 32 = 4*t - 4*u. Let a be j(t). Calculate the greatest common factor of a and 4.
4
Let l be 3 - (3 + 4)*-7. Let y be (-109)/(-3)*105/49 - (-6)/42. Calculate the greatest common factor of l and y.
26
Let f be -3*(-3 + -2 - -6). Let j be (-4011)/(-9) - (-2)/f. Calculate the highest common divisor of j and 89.
89
Let o be (-2)/(-4)*(4 + -11 + 3). Let y be -1 - (0 - (o - -5)). Calculate the greatest common divisor of y and 32.
2
Let y be ((-6)/(-15))/(51/(-85))*-39. What is the highest common divisor of y and 58318?
26
Let a(g) = g**3 - 19*g**2 - 18*g - 32. Suppose 5*t + h - 84 = 18, -2*h - 56 = -3*t. Let n be a(t). What is the greatest common factor of 568 and n?
8
Suppose 37863*x = 37911*x - 1248. Let p be 4 + 0 - (-2 - -4). What is the greatest common divisor of p and x?
2
Let k = -158 - -384. Let t = -160 + k. Calculate the highest common divisor of t and 297.
33
Suppose 4*i - 5986 = 5*q, -5*q = -i - 8*q + 1488. Let c be 1 - ((-23)/414*246)/((-1)/(-6)). What is the greatest common divisor of c and i?
83
Let z(s) = -7*s**3 + 2*s**2 - 2*s - 4. Let r be z(-3). Suppose -95*o + 97*o = 22. What is the highest common factor of r and o?
11
Suppose 62*s - 8*s + 25*s = 976440. What is the greatest common factor of s and 120?
120
Let r(l) = l**3 + 27*l**2 + 27*l + 22. Let g be r(-26). Let t be g - (-1)/((-7)/(-154)). What is the highest common factor of t and 144?
18
Let h(m) = 4*m**2 + 37*m - 41. Let v be h(17). What is the greatest common factor of v and 32?
16
Suppose -x - 30 = -74. Suppose 3*p - 5*u - x = -p, 0 = -3*u - 12. Suppose -4*n + 0*n = -16. What is the highest common divisor of p and n?
2
Suppose 26*i - 174039 = 56711. What is the greatest common divisor of 125 and i?
125
Suppose -13*b - 17*b + 1029 = -9*b. Calculate the highest common divisor of 49 and b.
49
Suppose 0 = 16*t - 50 - 46. Suppose -2*q - l + 97 = 0, 3*q + l = 185 - 37. What is the highest common factor of q and t?
3
Let a be (12/(-8))/(25624/(-3200) - -8). What is the greatest common divisor of a and 184?
8
Suppose -3*b - 10 = 2. Let d be 3/4 - (-25)/20. Let y be 3 + b + 57 - d. What is the highest common divisor of 18 and y?
18
Let x(k) = k**3 + 24*k**2 - 4*k - 31. Let l be x(-24). What is the highest common factor of 8125 and l?
65
Suppose -24*k + 493 + 96 = 85. Calculate the highest common factor of k and 2191.
7
Let k be 9450/36*(-180)/(-21). What is the greatest common divisor of k and 90?
90
Let i be (-428)/(-15) + (-7)/35 - (-18)/27. Let b = -81 + 146. Let l = b - i. Calculate the greatest common divisor of 12 and l.
12
Let h(k) = -k**2 - 12*k - 9. Let x(a) = -11*a**2 + 3*a - 3. Let l be x(1). Let s be h(l). Let u = s - -33. Calculate the greatest common divisor of 175 and u.
35
Let n(x) = 16*x**2 + 3*x + 2. Suppose d = 5*o + 4, -2*d - 4 = 5*o + 3. Let q be n(d). What is the highest common factor of 45 and q?
15
Let b be (-7)/42 + (-997)/(-6). Suppose 2